s the tens digit of n/(-6)*s*-1?
3
What is the thousands digit of 74988/72 + (2 - 2/4)?
1
Let z be 5*(-4 + 198/(-15)). Let b = 121 + z. What is the units digit of b?
5
Let h(c) = 5*c + 34. Let t be h(-6). Suppose -m + 2*o = -2*o - 150, -613 = -t*m + 3*o. What is the units digit of m?
4
Let o be (-9)/(-1)*(-345)/(-45). Let d = 101 - o. What is the tens digit of d?
3
Suppose 2*h + 2 = 3*h. Suppose -1 = 2*s - 3, h*u = 4*s - 1604. What is the tens digit of 2/9 + u/(-45)?
1
Let o = -24 + 26. Suppose 4*b - o*b = 208. Suppose 2*f + 320 = 2*r + 3*r, 2*r + 4*f - b = 0. What is the units digit of r?
2
Let k = 19 - 34. What is the tens digit of 6/k + 501/15?
3
What is the tens digit of (-7*(-12)/7)/((-3)/(-160))?
4
Suppose -3*g - 4*d = d - 60, 0 = g + 5*d - 10. What is the tens digit of (-456)/(-10) + 10/g?
4
Let j(k) = 2*k**2 + 11*k - 36. What is the tens digit of j(9)?
2
Let w = 3259 + -1866. What is the tens digit of w?
9
Suppose 4*f = 11 - 7. What is the tens digit of (0 - f) + 23 + -1 - -2?
2
Let q be 6/(-18)*(-2 - -1)*1263. Let i = q + -211. What is the units digit of i?
0
Let p = 2437 + -1108. What is the hundreds digit of p?
3
Suppose -2*x - 17 = -a, -2*a + 2 = -x - 29. Let j(l) = -11*l + 115. Let u be j(8). Suppose 4*f + 2*n - u = 3*n, -5*f + 5*n = -a. What is the units digit of f?
8
Let w(x) = -33*x + 1. Let q be w(-1). Suppose -5*j - 11 = 9, m = 5*j + q. Let f = m + 10. What is the units digit of f?
4
Let u(i) = i**3 + 3*i**2 + 3*i + 638. What is the hundreds digit of u(0)?
6
Let y be (-4 + 0)*(-198)/36. Let v = -17 + y. Suppose 0 = -v*m + 10*m - 310. What is the units digit of m?
2
Suppose -3*o + 1033 = 3*n + 100, 0 = 5*o - 10. Suppose -103 = -q - 3*s, 0 = 2*q + q - s - n. What is the tens digit of q?
0
Let u(z) = 2*z - 5. Let v(q) = -q**3 - 8*q**2 + 8*q - 7. Let b be v(-9). Suppose b*i - 25 = -3*i. What is the units digit of u(i)?
5
Let m(v) = -8 + 10 + 23*v + 3. What is the tens digit of m(3)?
7
Let i = 185 - -18. Suppose -2*a = 3*s + a - 207, 3*s - i = -4*a. Suppose 2*k - s = -15. What is the units digit of k?
9
Let v be (-1320)/(-84) - (-2 - (-12)/7). Let l = 32 - v. What is the units digit of l?
6
Let m = 0 - 2. Suppose -i = -3 + 4. What is the units digit of (0/m - 3)*i?
3
Suppose 4*o = -4*l + 156 + 64, -5*l = -4*o - 230. Suppose -h + 66 - l = 0. What is the units digit of h?
6
Let b = 21 + -16. Suppose 2*k - 6 = -5*a - k, -3*a + b*k - 10 = 0. Suppose a*h - 2*h = -54. What is the tens digit of h?
2
Let c(r) = 2*r**2 + 7*r + 3. Let w be c(-3). Suppose w = 2*n - 2*v - 176, v - 35 = -n + 43. What is the tens digit of n?
8
Suppose 6*d + 2620 = 2*o + 2*d, -4*o + 5*d = -5249. What is the hundreds digit of o?
3
Suppose -1044 = 5*n - 8*n. What is the units digit of n?
8
Let r = 31 - -292. What is the units digit of r?
3
Let a be (-2 - (-2262)/27) + 4/18. Suppose a = 2*f - 22. What is the units digit of f?
2
Let b(k) = -41*k + 8. What is the tens digit of b(-1)?
4
Let s(y) = -y**2 - 8*y - 5. Let k be s(-8). Let u = 12 + k. Suppose 4*g + u*z - 4*z - 90 = 0, -z - 50 = -2*g. What is the tens digit of g?
2
Let g be (45/6 + 0)*6. Let x = 19 + g. What is the tens digit of x?
6
Let m(d) = 8*d**2 + 5*d - 3. Let t be m(3). What is the units digit of 22/(-55) + t/10?
8
Suppose 14*z - 64680 = -28*z. What is the tens digit of z?
4
Let p(x) = -x**3 + 4*x**2 + 5*x - 2. Let w be p(5). What is the hundreds digit of w + ((-5)/(-15) - (-1347)/9)?
1
Suppose -2*q + 1959 = 5*f, -3*f - 9 + 6 = 0. What is the units digit of q?
2
Let p = 7 + -24. Let d = p - -7. What is the units digit of (16/5)/((-1)/d)?
2
Let r = -119 - -208. Let f = 115 + r. What is the units digit of f?
4
Let w be (7/(21/15))/(-1). Suppose 0 = -3*y - 4*c + 77, -4*y + 123 = y + 4*c. Let z = w + y. What is the tens digit of z?
1
Let z(d) = 23*d**3 + 7*d - 10*d - 4*d**2 + d**2. Let u be z(-3). What is the tens digit of (4/(-6))/(6/u)?
7
Suppose j = -3*j - y + 1678, 1266 = 3*j - 3*y. What is the tens digit of j?
2
What is the thousands digit of -177*146/(-13) - (-288)/1872?
1
Let u = -364 + 450. What is the units digit of u?
6
Suppose -6 = 2*c + 3*y + y, 0 = -c + 5*y - 3. Let h(l) = 7*l**2 - 5*l + 5. What is the units digit of h(c)?
3
Let h(f) = 3*f**2 + 13*f - 72. What is the units digit of h(-20)?
8
What is the hundreds digit of ((-33603)/(-12) - 0) + (-1)/4?
8
Let v(i) = -3*i**3 + 2*i + 1. Let l be v(-1). Suppose -l*y + 63 = -23. Suppose y - 13 = t. What is the tens digit of t?
3
Let q(t) = -t**3 + 45*t**2 - 48*t - 50. What is the thousands digit of q(43)?
1
Let r be ((-2)/(-3))/(26/(-1833)). Suppose 4*l = 12 - 4. What is the tens digit of (-3)/l - r/2?
2
Let i(m) = -3*m**3 + m**2 + 4*m. Let d be i(-3). Suppose h - 75 = d. What is the hundreds digit of h?
1
Let t(y) = y**3 - y**2 - y + 94. Let i(o) = o + 5. Let l be i(-5). What is the units digit of t(l)?
4
Suppose 21*w = 48*w - 36396. What is the units digit of w?
8
Let z(j) = 28*j + 14. Let y be z(5). Let v = y - -33. What is the tens digit of v?
8
Let v(s) = -s**3 + s**2 + 2*s + 3. Suppose 0 = 5*x - 14 - 1. Let f be v(x). What is the units digit of (-1 - 6/f)*-18?
6
Suppose 0 = 5*j + 5*o - 15, 6*o + 6 = 2*j + 3*o. Suppose 2*p - 101 = 2*z + 3*z, j*p - 2*z - 157 = 0. What is the tens digit of p?
5
Let r(u) = 20*u - 15 + 14 + 14 - 7*u - u**2. What is the units digit of r(10)?
3
Suppose -5*w + 7628 = 1183. What is the units digit of w?
9
Let r(y) = -y**3 + 4*y**2 + 2. Let i be r(4). Suppose 5*q + 2*d = -3*d - 75, q = i*d - 6. Let j = q - -22. What is the tens digit of j?
1
Let i be (-8 - -10) + (-4)/(-2). Let d(n) = -2*n + n - i*n - 3*n + 6 + n**2. What is the units digit of d(8)?
6
What is the hundreds digit of 1/4 + (-5950)/(-40)?
1
Suppose -206 = -p + 14. Suppose -11*s = -451 - p. What is the units digit of s?
1
Let h(r) = -r**2 + r - 2. Let a be h(4). Let i be (4 - 6)/((-2)/a). Let j = i + 25. What is the units digit of j?
1
Suppose 2*t = -5*c + 578 + 508, -3*c = -2*t + 1102. What is the units digit of t?
8
Suppose 2*d + 3*q = 6 + 4, -5*q = -d - 8. Let x(g) = 9 - 2*g**2 - 2*g**3 - 4 - 3 + g + 6*g**3. What is the tens digit of x(d)?
2
Let q = -132 - -135. Suppose 15*v - 13*v = 0, 0 = b + q*v - 233. What is the tens digit of b?
3
Let l = 2739 + -1590. What is the hundreds digit of l?
1
Let i(k) = 2*k + 4. Let x be i(0). Let l be 1/(-3 - (-13)/x). What is the units digit of l/6 + 194/6?
3
Let q(a) = -3*a**2 - 6*a - 3. Let x be q(-5). Let f be (0 - 1)/((-8)/x). Let r = f + 8. What is the units digit of r?
2
Let u(a) = a**3 - 21*a**2 + 30*a - 54. What is the tens digit of u(23)?
9
Let j(y) = -y + 1. Let m be j(2). Let x = 1375 + -1334. What is the units digit of m + x + (-1 - -1)?
0
Suppose 114 - 48 = 6*n. What is the tens digit of n?
1
Let u(h) = 8*h**2 + 2*h + 2. Let o be u(-8). Suppose -o = 16*r - 22*r. What is the units digit of r?
3
What is the units digit of 5/2*(5 + (-3102)/(-30))?
1
Suppose 3*r - 1 = -7. Let s = r + 4. Suppose -5*d - 5*t = -190, 2*d + 5*t + s - 72 = 0. What is the units digit of d?
0
Suppose -5*d + 3*m + 558 = 0, 0 = -d - 5*m + 78 + 56. Suppose 2*z - 12 = d. What is the tens digit of z?
6
Suppose -4*n + 21 + 33 = 5*v, 0 = -4*n + 3*v + 70. Suppose 0 = 4*r - n, -h - 2*r = -0*r - 75. What is the units digit of h?
7
Suppose 2*s = k - 18, 5*k - 2*s = 2*k + 66. What is the tens digit of ((-9)/((-54)/k))/((-4)/(-74))?
7
Let y = -45 - -187. What is the units digit of y?
2
Suppose 62*u = 69*u - 952. What is the hundreds digit of u?
1
Suppose 5*j - 21 = m, -3*m = 4*j + 2*m - 11. Suppose 2*l - 5*n = 347 - 1, -3*l + 526 = -j*n. What is the units digit of l?
8
What is the hundreds digit of (-316)/(-3002) - (-5508)/19?
2
Suppose -5*j = -2 - 13. Suppose -j*r = r. Suppose r = 3*u - 0*u - 21. What is the units digit of u?
7
What is the thousands digit of 487692/432 + 2/24?
1
Suppose -4*o + 0*f = 2*f + 8, 4 = -2*f. Let d(j) = 60*j**2 - 2*j. What is the units digit of d(o)?
2
Let y be -2*(3 + 85/(-10)). Let j(x) = -x**2 + 14*x - 7. What is the tens digit of j(y)?
2
Suppose -w + 8 - 14 = 0. What is the hundreds digit of w/(-9) + 439/3?
1
Suppose 4*j + 5*q + 3240 = 11283, 3*q + 4027 = 2*j. What is the thousands digit of j?
2
Suppose -508*f + 516*f = 16. Let g(b) = -b - 6. Let o be g(-6). Suppose o = f*v - 9 - 31. What is the units digit of v?